lse
Is 81935521 a prime number?
True
Is 1102813 a prime number?
True
Is 864499 a composite number?
True
Is 42512465 composite?
True
Is 236515423 a prime number?
True
Is 642711 composite?
True
Is 625832807 a composite number?
False
Is 15965449 prime?
False
Is 11870149 prime?
False
Is 10415989 prime?
True
Is 45836173 a prime number?
True
Is 38242157 a composite number?
False
Is 1252943 a composite number?
False
Is 3887321 a prime number?
False
Is 1822307 prime?
True
Is 2572717 a composite number?
True
Is 3021329 a composite number?
True
Is 163729271 a composite number?
True
Is 262489837 a prime number?
True
Is 101671 a prime number?
False
Is 5101269 a prime number?
False
Is 21132659 a prime number?
True
Is 26440823 a composite number?
True
Is 10558631 composite?
True
Is 307423 composite?
False
Is 49315727 a composite number?
True
Is 6278309 prime?
True
Is 68345551 prime?
True
Is 280051633 composite?
False
Is 248612957 composite?
True
Is 143701853 prime?
True
Is 681531 prime?
False
Is 215893 a prime number?
True
Is 29841971 a prime number?
False
Is 557519 prime?
True
Is 49197979 a composite number?
False
Is 78990557 prime?
False
Is 220079401 a prime number?
True
Is 8493631 a prime number?
True
Is 213064073 a prime number?
False
Is 2091394067 a composite number?
True
Is 222626239 prime?
False
Is 362027 composite?
False
Is 31432967 a prime number?
True
Is 10192781 prime?
False
Is 279928589 composite?
False
Is 2730271 prime?
True
Is 14239373 prime?
True
Is 9790919 prime?
True
Is 25613377 a composite number?
False
Is 1214519 composite?
False
Is 23579989 composite?
True
Is 6559489 a composite number?
False
Is 17682367 prime?
False
Is 2199299 prime?
True
Is 10292057 prime?
False
Is 95948813 composite?
True
Is 56045911 composite?
False
Is 73617919 a composite number?
True
Is 7176674 a prime number?
False
Is 6772387 composite?
False
Is 222646121 a composite number?
False
Is 992145309 prime?
False
Is 10216961 a composite number?
True
Is 3356513 a composite number?
False
Is 65934461 prime?
True
Is 14697929 a prime number?
True
Is 216807719 prime?
True
Is 1929377 a composite number?
True
Is 30042919 composite?
False
Is 3005329 a prime number?
True
Is 13357297 a composite number?
False
Is 9039959 prime?
True
Is 3106847 a prime number?
True
Is 414437523 a composite number?
True
Is 21657401 composite?
False
Is 2165809 a composite number?
False
Is 42463849 a composite number?
False
Is 815839 prime?
False
Is 8245669 a composite number?
True
Is 15839063 a composite number?
True
Is 38611739 a prime number?
True
Is 164991179 a prime number?
False
Is 27067439 a composite number?
True
Is 26263327 a prime number?
True
Is 16332203 prime?
False
Is 25368047 prime?
False
Is 1964399 prime?
True
Is 63320243 composite?
True
Is 588310009 a composite number?
True
Is 16267243 composite?
True
Is 26761513 composite?
False
Is 46345153 composite?
False
Is 671758 prime?
False
Is 52143213 composite?
True
Is 13637411 prime?
False
Is 195009 a composite number?
True
Is 141857117 composite?
True
Is 9550519 a prime number?
False
Is 56658047 a composite number?
True
Is 60223 composite?
False
Is 155988121 a prime number?
False
Is 52273757 a composite number?
False
Is 62777009 a composite number?
False
Is 1537141 a composite number?
False
Is 17666057 a prime number?
False
Is 30413591 a prime number?
False
Is 15702535 a composite number?
True
Is 17806037 a composite number?
True
Is 97738463 a prime number?
True
Is 4126201 a prime number?
True
Is 63902987 a prime number?
True
Is 3396941 composite?
True
Is 7799537 prime?
False
Is 491143 a prime number?
False
Is 150200207 prime?
True
Is 219313135 a composite number?
True
Is 483061 prime?
True
Is 286049 a composite number?
False
Is 1279357 a composite number?
False
Is 119300327 a prime number?
True
Is 2289883 a prime number?
False
Is 200320949 composite?
False
Is 22165603 a composite number?
True
Is 279124271 composite?
False
Is 174936631 a prime number?
True
Is 5846033 a prime number?
False
Is 141603469 a composite number?
True
Is 288907 prime?
True
Is 637337 a composite number?
False
Is 995327 a prime number?
True
Is 1000918973 composite?
True
Is 192087661 composite?
True
Is 47373493 prime?
True
Is 119104358 composite?
True
Is 80570537 a composite number?
True
Is 6416521 composite?
False
Is 2645729 prime?
False
Is 692944481 a prime number?
True
Is 933293 a prime number?
True
Is 5479862 composite?
True
Is 6580495 a composite number?
True
Is 2896277 a composite number?
False
Is 59161973 composite?
True
Is 84789079 composite?
True
Is 20749861 prime?
False
Is 2173577 a composite number?
True
Is 5221642 prime?
False
Is 191634823 prime?
True
Is 21345443 a prime number?
False
Is 844841 a composite number?
False
Is 10664437 a prime number?
False
Is 1478677 composite?
True
Is 4366937 prime?
False
Is 51849619 prime?
False
Is 916415585 composite?
True
Is 3365417 prime?
False
Is 171165373 a composite number?
False
Is 52980119 a composite number?
False
Is 1253773 a prime number?
False
Is 769207 a prime number?
True
Is 304340279 prime?
True
Is 2512999 prime?
True
Is 2652131 prime?
True
Is 3223167 a prime number?
False
Is 14878637 a prime number?
False
Is 1410649 a prime number?
False
Is 132103954 composite?
True
Is 197718347 composite?
True
Is 892229 composite?
True
Is 43733699 composite?
True
Is 16168349 prime?
False
Is 310627 a composite number?
False
Is 16229793 composite?
True
Is 356747099 a composite number?
True
Is 34899797 composite?
False
Is 181817807 composite?
False
Is 5478521 a composite number?
True
Is 78159457 a prime number?
True
Is 14819227 composite?
True
Is 13463003 prime?
False
Is 99970007 prime?
True
Is 109169 prime?
True
Is 15390521 a prime number?
True
Is 793669 a prime number?
True
Is 24919519 prime?
True
Is 9867037 a prime number?
True
Is 68120303 a prime number?
True
Is 318410107 a prime number?
True
Is 362051 a composite number?
False
Is 414221 prime?
True
Is 38260811 prime?
True
Is 1950131 prime?
False
Is 33338083 a prime number?
True
Is 12685943 a composite number?
False
Is 457121167 a prime number?
True
Is 302074859 composite?
False
Is 21398757 a prime number?
False
Is 5437583 composite?
False
Is 6609721 a composite number?
True
Is 24262885 a prime number?
False
Is 3032131 prime?
False
Is 132759665 a prime number?
False
Is 705382 a prime number?
False
Is 613438457 composite?
False
Is 5496223 a prime number?
True
Is 15902141 prime?
False
Is 97036067 prime?
True
Is 23471531 a composite number?
False
Is 5320961 composite?
True
Is 1299754149 composite?
True
Is 8462483 composite?
True
Is 107460113 a composite number?
True
Is 19332569 a composite number?
True
Is 54834557 a prime number?
True
Is 1621483 composite?
True
Is 126334279 a composite number?
False
Is 24601139 a prime number?
True
Is 45162701 prime?
True
Is 1402853 prime?
False
Is 16425667 prime?
True
Is 592413587 a composite number?
False
Is 7846903 composite?
True
Is 249508877 prime?
True
Is 10577351 a composite number?
False
Is 2079787 a prime number?
True
Is 675762239 composite?
False
Is 64516911 a prime number?
False
Is 27261301 composite?
False
Is 11386777 composite?
False
Is 136745023 a composite number?
False
Is 6934601 a composite number?
True
Is 22451717 composite?
True
Is 191600323 a prime number?
True
Is 179227511 composite?
True
Is 373613 a prime number?
True
Is 29303 a composite number?
False
Is 3003067 composite?
True
Is 11188621 a prime number?
True
Is 70717 prime?
True
Is 17945981 a composite number?
False
Is 33476333 prime?
False
Is 881070041 a composite number?
True
Is 11314271 prime?
True
Is 1297267 a prime number?
False
Is 38917783 a prime number?
True
Is 3070513 a prime number?
True
Is 9254677 composite?
False
Is 4029853 a prime number?
False
Is 8400763 a composite number?
True
Is 429497 prime?
True
Is 102807379 prime?
False
Is 271747 composite?
True
Is 81632777 composite?
False
Is 70128011 a composite number?
False
Is 5685733 prime?
True
Is 331261583 composite?
False
Is 22259371 prime?
False
Is 39848999 composite?
False
Is 39600193 a prime number?
True
Is 21711541 a prime number?
True
Is 7192681 composite?
False
Is 597347077 a prime number?
False
Is 6498197 a prime number?
True
Is 54044079 prime?
False
Is 108079 a prime number?
True
Is 69704237 a comp